f x/(-8) - (-12)/(-16)?
2
Let p(w) = 7*w**2 - 3*w + 19. What are the prime factors of p(7)?
11, 31
Suppose -3*w + 5*d = -253, -2*d - 1 = -3. What are the prime factors of w?
2, 43
Suppose -3*c = -4*j - 155, 2*c - 77 - 32 = -3*j. Let y = -38 + c. List the prime factors of y.
3, 5
Let t(s) = -s**3 - 4*s**2 - 3*s + 4. Let v be t(-4). Let l = v + -11. Suppose -k = y - 6, 0 = l*y - 5*k - 24 - 36. List the prime factors of y.
3
Suppose -4*l + 32 = -4*z, 13 = 5*l - 12. Let c(f) be the third derivative of -f**4/4 + f**2. What are the prime factors of c(z)?
2, 3
Suppose 3*w = -w - 20, q + w - 89 = 0. List the prime factors of q.
2, 47
Let s = 1 + -1. Suppose s = -f + 3*f. Suppose f = -2*k - 0*k + 6. List the prime factors of k.
3
Suppose -17 = -2*j - 4*l - l, -j = -4*l - 28. List the prime factors of j/(-72) - (-101)/9.
11
Let k = -8 - -10. Suppose 8 = -k*h + 6*h. Suppose 0*n - 36 = -h*n. What are the prime factors of n?
2, 3
Suppose 14*o + 504 = 17*o. What are the prime factors of o?
2, 3, 7
Let d = 825 - 560. List the prime factors of d.
5, 53
Let v(u) = u**3 - 8*u**2 + 8*u - 2. Let f be v(7). Suppose 0 = -h - 1 + 5. Suppose h*l - 25 = -f. List the prime factors of l.
5
Let c be (-184)/18 - 6/(-27). Let o(a) = -a**2 - 9*a + 13. Let s be o(c). Suppose -y = 2*y - s*b - 30, -4*y = 5*b - 13. List the prime factors of y.
7
Let q(r) = -r**3 + 11*r**2 - 9*r + 7. Let p be (10/7)/(4/28). What are the prime factors of q(p)?
17
Suppose 0 = -m + 19 + 8. Suppose -2*r + 11 = -m. List the prime factors of r.
19
Let r be (126/10)/((-18)/(-60)). Let v = -26 + r. List the prime factors of v.
2
Suppose -5*j + 3*y + 412 = 0, 3*j + 2*y + 89 - 321 = 0. What are the prime factors of j?
2, 5
Let a = 7 + -3. Let x = 6 - a. Suppose -x = -2*c + 2. List the prime factors of c.
2
Suppose 0 = -5*n - 2*s + 17, -3*n - s - 14 = -5*n. Suppose -71 = 4*g + n. Let h = -8 - g. What are the prime factors of h?
11
Let z(r) be the first derivative of -33*r**4/4 - r**3/3 + r**2 - r - 1. Let g be z(1). What are the prime factors of (-1)/(-1*(-3)/g)?
11
Let h(r) = 253*r**2 - 1. Let q be h(-1). Suppose 4*i = -0*i + q. Let a = -42 + i. List the prime factors of a.
3, 7
Suppose 4*t - 200 = -2*r, -2*r + t + 212 = -t. List the prime factors of r.
2, 13
What are the prime factors of 27 + (-3)/(3/1)?
2, 13
Suppose -9*o = -2*o - 1057. What are the prime factors of o?
151
Let o(z) = z - 7. Let j be o(9). Suppose -4*i = j*g, 2 - 27 = 5*i. What are the prime factors of g?
2, 5
Let l = -25 + 47. Let i be (-1)/(2 - l/12). List the prime factors of 30/(-4)*i/5.
3
Let p be (3 - 2)/(1/5). Let l = p - 0. Suppose -l*m = -20, 5*m + 20 = 3*c + c. List the prime factors of c.
2, 5
Suppose 0 = -4*q + 7 + 1. Suppose 3*y - 66 = -4*x, 2*y = 3*y + q*x - 22. List the prime factors of y.
2, 11
Let m be 6*(3/(-2) - -2). Let i(g) = -3*g**2 + 1 - g**3 + 0 - 3*g + 0*g**m. List the prime factors of i(-3).
2, 5
Let n = 1 + -12. Let c = n + 17. Let q = c - -1. What are the prime factors of q?
7
Let n(g) = -g - 19. Let d be n(-9). List the prime factors of (-98)/(-5) - 4/d.
2, 5
Suppose -z + 1 - 3 = 0, -3*z = -3*d - 3. Suppose -2*u - 10 = -7*u, 4*f = u + 66. Let i = f + d. What are the prime factors of i?
2, 7
Let y = -6 + 8. List the prime factors of y.
2
Let c(y) = y**3 + 8*y**2 - 8*y + 12. Let s be c(-9). Suppose -a + s*a = 20. List the prime factors of a.
2, 5
Suppose -2 - 5 = s. Let x(m) = m**2 + 5*m - 2. What are the prime factors of x(s)?
2, 3
Let c be ((-4)/(-10))/((-4)/(-40)). Suppose -4*l + 72 = -2*f, 3*l - c*l + 5*f = 0. List the prime factors of l.
2, 5
What are the prime factors of (-21868)/(-252) - (-1 - (-7)/9)?
3, 29
Let k(l) = 8*l. Let o(s) = -s - 6. Let u be o(-7). Let h be k(u). What are the prime factors of (h/12)/(4/66)?
11
Let l(n) = n - 1. Let t be l(3). Suppose g + 0 = 7. Let o = g - t. What are the prime factors of o?
5
Suppose 7 = 3*b - 0*b - 2*x, -5*x + 5 = 0. Let k be b*(-1 + 5/3). Suppose 0 = -5*j - k*p + 49, p - 17 = -j + 3*p. What are the prime factors of j?
11
Let z(c) = c + 10. Let y be z(-8). Suppose 2*p + y*i - 43 = -i, -5*p + 4*i = -50. List the prime factors of p.
2, 7
Suppose 3*x - c - 14 = 0, 3*x - 6*x + 6 = -3*c. List the prime factors of x.
2, 3
Let d(k) = k + 1 + 0 - 2. Let c be d(2). What are the prime factors of c/(1 - 20/22)?
11
Suppose 0 = 2*x - 4*o - 90, 0*o - 4*o = -3*x + 131. List the prime factors of x.
41
What are the prime factors of 124 + (9/(-12) - (-27)/(-12))?
11
Let a = 461 - 298. What are the prime factors of a?
163
Suppose -2*y = 2*b - 64, 3*b + 2*y + 2*y - 97 = 0. List the prime factors of b.
31
Suppose 2*h + 1 = -t, 0 = -4*t - 2*h + 5*h - 15. Let p = 7 + -6. Let z = p - t. What are the prime factors of z?
2
List the prime factors of (-2)/(-4) + (-273)/(-6).
2, 23
Suppose 12 = -q - 10. Let f = -6 - q. Suppose 2 = 3*z - f. What are the prime factors of z?
2, 3
Let h be 5/15 + (-14)/6. Let b = 4 + h. Suppose -g - 22 = -d + b*g, 0 = 4*d - g - 33. List the prime factors of d.
7
Suppose -2*i + i = 0. Suppose -2*q + b + 2*b + 22 = i, 0 = -2*q + 2*b + 18. What are the prime factors of q?
5
Let y(g) = 6*g**2 + 6*g - 16. List the prime factors of y(5).
2, 41
What are the prime factors of 13/6 + (-7)/42?
2
Let m be ((-128)/6)/(3/(-18)). Suppose 3*w - 25 - 35 = 3*y, -5*y - 2*w - m = 0. What are the prime factors of 2/(-4)*(y + 2)?
11
Suppose q + 3*t + 9 = 0, 0 = q + 4*q + 4*t + 56. Let p = q + 26. What are the prime factors of p?
2, 7
Let x = 195 + -70. What are the prime factors of x?
5
Let g = -22 - -51. What are the prime factors of g?
29
Suppose 3*j = -5*k + 669, 0 = j + j + 4. Suppose -o + 3*o = 3*d - 101, -5*d - 5*o = -k. What are the prime factors of d?
31
Let g(r) = -r**2 - r + 26. Let t be g(0). Suppose -2*x = -x - t. What are the prime factors of x?
2, 13
Let t be ((-3)/2)/(12/(-16)). Suppose -2*s = t*s + 8. List the prime factors of (2 - (s + -1)) + 2.
7
Let d = -9 + 6. Let f = d + 5. List the prime factors of f.
2
Let q(g) be the second derivative of g**5/20 + 2*g**4/3 - g**3/3 - 3*g**2 - 2*g. Let o be q(-8). Suppose 4*w - o = 22. List the prime factors of w.
2
Let c be (-5)/(-2) - (-3)/6. Suppose 5*j - 24 = c*j. List the prime factors of j.
2, 3
Let z be 5/(5/(-3)) + -1. Let u(l) = -5*l**3 - 4*l**2 + 5 + 0*l**3 - 2*l + 4*l**3. What are the prime factors of u(z)?
13
Suppose -3*j = -8 - 1. Let y be 0 + 13 + 9/j. Let d = 25 - y. List the prime factors of d.
3
Let j be 3/((-3)/(-6)*3). Let k = 13 - j. List the prime factors of k.
11
Let c = -6 - -8. Suppose 0*b = -c*b + 32. What are the prime factors of b?
2
Let a = 5 + -3. Suppose a*q - 6 = -0. What are the prime factors of q?
3
Suppose -m = -3*m + 6. What are the prime factors of 30/8 - m/(-12)?
2
Let v = 6 - 4. Let l = 84 - 22. Suppose -2*s - 4*y + l = 0, y - 3 = v. What are the prime factors of s?
3, 7
Suppose -5*i + 0*i = -30. What are the prime factors of (4 - i/2)*9?
3
Suppose -3*k - 4*l - 30 + 156 = 0, 12 = 4*l. List the prime factors of k.
2, 19
Let p be (-6)/(6/(-8) + 0). Suppose -4*i + p*i = 0. What are the prime factors of (14 + 2)/2 - i?
2
Suppose -4*v = 5*j - 2*j - 123, 5*j - 237 = 4*v. What are the prime factors of j?
3, 5
Let j(h) = h**3 + 3*h**2 + h - 4. Let a be j(-3). Let n(g) = -g - 3. What are the prime factors of n(a)?
2
Suppose 351 + 62 = 3*a - s, -s = -1. What are the prime factors of a?
2, 3, 23
Let r be (-2)/(-7) - (-5)/7. Suppose 5*d - 5 = 55. List the prime factors of 0/r - d/(-2).
2, 3
Suppose -5*r + 80 = 2*y - 102, 4*r = 8. List the prime factors of y.
2, 43
Let d = 3 + -3. Let l be 2/5 - 9/(-15). Suppose -5*w - 3 = 2*h + l, 5*h - 5*w - 25 = d. List the prime factors of h.
3
Let x(s) be the first derivative of -s**3/3 - 9*s**2/2 + s - 1. List the prime factors of x(-7).
3, 5
Suppose 4*y - 266 = 3*b, 0 = -5*y - 3*b - 92 + 411. Suppose 2*l + 33 = -4*j + 107, 5*j - y = 3*l. What are the prime factors of j?
2
Let p(l) = 13*l + 94. What are the prime factors of p(23)?
3, 131
Let l(y) = y**3 + 4*y**2 - y. Let n(t) = -t**3 + 6*t**2 + 5. Let x be n(6). Let z = 3 - x. List the prime factors of l(z).
2, 5
Let p(o) = o**3 - 7*o**2 + 8*o - 9. Let h be p(6). Let w be ((-2)/h)/(2/(-12)). Suppose j + 0*j = w. What are the prime factors of j?
2
Suppose 7*t - 8*t + 2 = 0. What are the prime factors of t?